{"id":356,"date":"2025-10-06T09:41:20","date_gmt":"2025-10-06T09:41:20","guid":{"rendered":"https:\/\/demo.sachtienganhtphcm.com\/?page_id=356"},"modified":"2025-10-14T14:39:24","modified_gmt":"2025-10-14T14:39:24","slug":"toa-soan","status":"publish","type":"page","link":"https:\/\/demo.sachtienganhtphcm.com\/index.php\/toa-soan\/","title":{"rendered":"T\u00d2A SO\u1ea0N"},"content":{"rendered":"\t\t<div data-elementor-type=\"wp-page\" data-elementor-id=\"356\" class=\"elementor elementor-356\" data-elementor-post-type=\"page\">\n\t\t\t\t<div class=\"elementor-element elementor-element-a61cd1f e-flex e-con-boxed e-con e-parent\" data-id=\"a61cd1f\" data-element_type=\"container\">\n\t\t\t\t\t<div class=\"e-con-inner\">\n\t\t\t\t<div class=\"elementor-element elementor-element-ed0cc5a elementor-widget elementor-widget-heading\" data-id=\"ed0cc5a\" data-element_type=\"widget\" data-widget_type=\"heading.default\">\n\t\t\t\t\t<h2 class=\"elementor-heading-title elementor-size-default\">V\u0103n ph\u00f2ng T\u00f2a so\u1ea1n T\u1ea1p ch\u00ed Pi:<\/h2>\t\t\t\t<\/div>\n\t\t\t\t<div class=\"elementor-element elementor-element-55e1a0f elementor-widget elementor-widget-heading\" data-id=\"55e1a0f\" data-element_type=\"widget\" data-widget_type=\"heading.default\">\n\t\t\t\t\t<h2 class=\"elementor-heading-title elementor-size-default\"><p style=\"margin: 0px 0px 10px;font-family: tahoma;font-size: 14px;font-weight: 400\"><span style=\"font-weight: 700\">V\u0103n ph\u00f2ng T\u00f2a so\u1ea1n T\u1ea1p ch\u00ed Pi:<\/span><\/p><p style=\"margin: 0px 0px 10px;font-family: tahoma;font-size: 14px;font-weight: 400\">+ P.107 nh\u00e0 A5 Vi\u1ec7n To\u00e1n h\u1ecdc, 18B Ho\u00e0ng Qu\u1ed1c Vi\u1ec7t, Ngh\u0129a \u0110\u00f4, C\u1ea7u Gi\u1ea5y, H\u00e0 N\u1ed9i.<\/p><p style=\"margin: 0px 0px 10px;font-family: tahoma;font-size: 14px;font-weight: 400\">+ \u0110i\u1ec7n tho\u1ea1i: 024.3215.1407<\/p><p style=\"margin: 0px 0px 10px;font-family: tahoma;font-size: 14px;font-weight: 400\">+ Email nh\u1eadn b\u00e0i vi\u1ebft, giao d\u1ecbch, nh\u1eadn \u0111\u1eb7t mua T\u1ea1p ch\u00ed c\u1ee7a b\u1ea1n \u0111\u1ecdc: bbt@pi.edu.vn<\/p><\/h2>\t\t\t\t<\/div>\n\t\t\t\t<div class=\"elementor-element elementor-element-306e75e elementor-widget__width-initial elementor-widget elementor-widget-google_maps\" data-id=\"306e75e\" data-element_type=\"widget\" data-widget_type=\"google_maps.default\">\n\t\t\t\t\t\t\t<div class=\"elementor-custom-embed\">\n\t\t\t<iframe loading=\"lazy\"\n\t\t\t\t\tsrc=\"https:\/\/maps.google.com\/maps?q=P.107%20nh%C3%A0%20A5%20Vi%E1%BB%87n%20To%C3%A1n%20h%E1%BB%8Dc%2C%2018B%20Ho%C3%A0ng%20Qu%E1%BB%91c%20Vi%E1%BB%87t%2C%20Ngh%C4%A9a%20%C4%90%C3%B4%2C%20C%E1%BA%A7u%20Gi%E1%BA%A5y%2C%20H%C3%A0%20N%E1%BB%99i.&#038;t=m&#038;z=16&#038;output=embed&#038;iwloc=near\"\n\t\t\t\t\ttitle=\"P.107 nh\u00e0 A5 Vi\u1ec7n To\u00e1n h\u1ecdc, 18B Ho\u00e0ng Qu\u1ed1c Vi\u1ec7t, Ngh\u0129a \u0110\u00f4, C\u1ea7u Gi\u1ea5y, H\u00e0 N\u1ed9i.\"\n\t\t\t\t\taria-label=\"P.107 nh\u00e0 A5 Vi\u1ec7n To\u00e1n h\u1ecdc, 18B Ho\u00e0ng Qu\u1ed1c Vi\u1ec7t, Ngh\u0129a \u0110\u00f4, C\u1ea7u Gi\u1ea5y, H\u00e0 N\u1ed9i.\"\n\t\t\t><\/iframe>\n\t\t<\/div>\n\t\t\t\t\t\t<\/div>\n\t\t\t\t<div class=\"elementor-element elementor-element-9bc8da4 elementor-widget elementor-widget-heading\" data-id=\"9bc8da4\" data-element_type=\"widget\" data-widget_type=\"heading.default\">\n\t\t\t\t\t<h2 class=\"elementor-heading-title elementor-size-default\"><p style=\"margin: 0px 0px 10px;font-family: tahoma;font-size: 14px;font-weight: 400\"><span style=\"font-weight: 700\">T\u00e0i kho\u1ea3n T\u1ea1p ch\u00ed Pi:<\/span><\/p><p style=\"margin: 0px 0px 10px;font-family: tahoma;font-size: 14px;font-weight: 400\">+ T\u00ean t\u00e0i kho\u1ea3n: T\u1ea1p ch\u00ed Pi<\/p><p style=\"margin: 0px 0px 10px;font-family: tahoma;font-size: 14px;font-weight: 400\">+ S\u1ed1 t\u00e0i kho\u1ea3n:&nbsp;0851000012293<\/p><p style=\"margin: 0px 0px 10px;font-family: tahoma;font-size: 14px;font-weight: 400\">+ T\u1ea1i ng\u00e2n h\u00e0ng: Vietcombank, chi nh\u00e1nh H\u00e0 Th\u00e0nh<span style=\"font-family: Roboto, sans-serif;font-size: 2rem;font-weight: 600\"><\/span><\/p><\/h2>\t\t\t\t<\/div>\n\t\t\t\t\t<\/div>\n\t\t\t\t<\/div>\n\t\t\t\t<\/div>\n\t\t","protected":false},"excerpt":{"rendered":"<p>V\u0103n ph\u00f2ng T\u00f2a so\u1ea1n T\u1ea1p ch\u00ed Pi: V\u0103n ph\u00f2ng T\u00f2a so\u1ea1n T\u1ea1p ch\u00ed Pi: + P.107 nh\u00e0 A5 Vi\u1ec7n To\u00e1n h\u1ecdc, 18B Ho\u00e0ng Qu\u1ed1c Vi\u1ec7t, Ngh\u0129a \u0110\u00f4, C\u1ea7u Gi\u1ea5y, H\u00e0 N\u1ed9i. + \u0110i\u1ec7n tho\u1ea1i: 024.3215.1407 + Email nh\u1eadn b\u00e0i vi\u1ebft, giao d\u1ecbch, nh\u1eadn \u0111\u1eb7t mua T\u1ea1p ch\u00ed c\u1ee7a b\u1ea1n \u0111\u1ecdc: bbt@pi.edu.vn T\u00e0i kho\u1ea3n T\u1ea1p ch\u00ed [&hellip;]<\/p>\n","protected":false},"author":1,"featured_media":0,"parent":0,"menu_order":0,"comment_status":"closed","ping_status":"closed","template":"elementor_header_footer","meta":{"_acf_changed":false,"footnotes":""},"class_list":["post-356","page","type-page","status-publish","hentry"],"acf":[],"_links":{"self":[{"href":"https:\/\/demo.sachtienganhtphcm.com\/index.php\/wp-json\/wp\/v2\/pages\/356","targetHints":{"allow":["GET"]}}],"collection":[{"href":"https:\/\/demo.sachtienganhtphcm.com\/index.php\/wp-json\/wp\/v2\/pages"}],"about":[{"href":"https:\/\/demo.sachtienganhtphcm.com\/index.php\/wp-json\/wp\/v2\/types\/page"}],"author":[{"embeddable":true,"href":"https:\/\/demo.sachtienganhtphcm.com\/index.php\/wp-json\/wp\/v2\/users\/1"}],"replies":[{"embeddable":true,"href":"https:\/\/demo.sachtienganhtphcm.com\/index.php\/wp-json\/wp\/v2\/comments?post=356"}],"version-history":[{"count":4,"href":"https:\/\/demo.sachtienganhtphcm.com\/index.php\/wp-json\/wp\/v2\/pages\/356\/revisions"}],"predecessor-version":[{"id":884,"href":"https:\/\/demo.sachtienganhtphcm.com\/index.php\/wp-json\/wp\/v2\/pages\/356\/revisions\/884"}],"wp:attachment":[{"href":"https:\/\/demo.sachtienganhtphcm.com\/index.php\/wp-json\/wp\/v2\/media?parent=356"}],"curies":[{"name":"wp","href":"https:\/\/api.w.org\/{rel}","templated":true}]}}